 6*t + 2080. Calculate y(-6).
-6
Suppose 1748*b = 1735*b - 78. Let r(q) = q**2 + 3*q + 10. Calculate r(b).
28
Let f(t) = t**3 - 7*t**2 - 6*t + 8. Let x(b) = b**3 - 7*b**2 - 4*b + 7. Let y be (-66)/(-15) + 10/(-25). Let v(i) = y*f(i) - 5*x(i). Calculate v(5).
27
Let a = -572 + 574. Suppose -2 = -a*u + v - 12, u + 4*v + 23 = 0. Let h(b) = -b**3 - 7*b**2 - b - 10. Calculate h(u).
-3
Suppose 149*t + 3*i = 147*t - 45, 6 = 2*i. Let o(r) = 2*r**2 + 60*r + 158. Determine o(t).
-4
Let a be -1 - (-2 + 0/3). Suppose -3*s - m - 36 = -204, 2*s - 99 = -5*m. Suppose -s = -14*w - a. Let b(z) = -z**3 + 3*z**2 + 4*z + 4. Determine b(w).
4
Let k(p) = 41*p - 416. Let u(b) = -8*b + 79. Let m(t) = 2*k(t) + 11*u(t). Suppose 2*v = 5*y + v - 32, -6 = 3*v. Calculate m(y).
1
Let u(y) = 12*y - 1. Let w(x) = -242*x + 38. Let l(d) = -20*u(d) - w(d). Let v = 1 + 7. Give l(v).
-2
Let i(s) be the second derivative of 33*s + 1/12*s**4 + 1/2*s**3 + 0 + s**2. What is i(-3)?
2
Let t = 6 + -13. Let o be (-3)/(-2)*(-12)/(-9). Let u(d) = -8*d**2 - 4*d + 0*d**o + 7 + 169*d**3 - 170*d**3. Give u(t).
-14
Let f(u) = 6*u - 1. Let c be f(-1). Let m(t) = -t**2 - 5*t + 17. Let w be m(c). Let h(n) = -4*n**3 - n**w + 4*n**3 + 4 + 7*n + 6*n**2. Calculate h(7).
4
Let c(h) = -5*h**2 + 41*h - 32. Let b(a) = -2*a**2 + 20*a - 15. Let v(p) = 11*b(p) - 5*c(p). Determine v(-6).
13
Let y(v) = 16*v - 90. Suppose -3*a - 25*a + 183 = 15. Determine y(a).
6
Let n = 15 + -12. Let m(b) = 0*b + b + b**n + 7*b**2 + 7*b**2 - 9*b**2. Suppose -4*x = -3*i + 6*i - 1, 0 = 2*x - 8. Calculate m(i).
-5
Let d(o) = -6*o + 25*o - 10*o - 4*o + 0*o + 3*o**2 - 6. Calculate d(-5).
44
Suppose -38*f + 174 = -54. Let k(z) = 0*z + 3 - z**2 - 1 + 11*z + 1. Let s(w) = -w**2 + 10*w + 3. Let b(a) = -3*k(a) + 4*s(a). What is b(f)?
9
Let v(m) = m**2 - 11*m - 8. Suppose -4*g + 7*j + 241 = 6*j, 0 = 5*j + 25. Let y = 71 - g. Calculate v(y).
4
Let t(w) = w - 6. Let s be 1/3*(-26 - -14). Calculate t(s).
-10
Let b(q) = -44*q**2 - 38*q - 11. Let i(d) = -271*d**2 - 228*d - 73. Let n(f) = 37*b(f) - 6*i(f). Determine n(-21).
-53
Let w(h) = -10*h**3 - 4*h**2 + 7*h + 3. Let c(l) = -2*l**3 + l + 1. Let n(i) = 4*c(i) - w(i). Determine n(2).
27
Let y(v) = -v**2 + 2*v + 2. Let u be (-334)/(-8) + (-4)/(-11 - 5). Let p = -45 + u. Give y(p).
-13
Let z(d) = -2*d**3 + 15*d**2 - 8*d + 10. Let h be z(7). Suppose h*o = -0 + 6. Suppose y + 3*u + 11 = 0, -5*y + 4 - o = -4*u. Let t(m) = m**2. Give t(y).
4
Let m(w) = -8*w**2 + 103*w + 15. Let f(d) = -6*d**2 + 660*d + 13. Let a be f(110). Give m(a).
2
Let q(d) = 2 - 1 + 12*d + 6 + 0 - 7*d. Let x be q(1). Let m(w) = w - 14. What is m(x)?
-2
Let d(y) = 2 - 9*y + 23*y - 15*y. Let o(t) = t**3 + 3*t**2. Let l be 0 - 4 - (-2 - -3 - 2). Let i be o(l). Determine d(i).
2
Suppose -3*q = 3*v + 33, 0 = q - 39*v + 43*v + 35. Let k(c) = -2*c**3 + 5*c + 6. What is k(q)?
45
Suppose -29*a + a + 336 = 0. Suppose 3*h = a*h + h. Let p(o) = o**2 - o - 7. Determine p(h).
-7
Suppose -108*o = 76*o + 3496. Let j(n) = -n**3 - 21*n**2 - 34*n - 3. Calculate j(o).
-79
Let i(s) = s**3 + 2*s**2 + 6*s + 5. Let r(c) = -2*c**3 - 2*c**2 - 7*c - 6. Let x(o) = -3*i(o) - 2*r(o). Suppose 5*p + 6 = -4. Let g = 6 + p. Give x(g).
13
Suppose 0*o + 12 = 4*o. Let i = 1267 + -1256. Let b be 2*(o + i/(-2)). Let c(k) = -k**2 - 4*k + 6. Determine c(b).
1
Let h(z) = -19*z + 28*z - 10*z - z**2. Let o(c) = -c - 6. Let u be (-18)/4 + (-3)/(-6). Let m be o(u). Determine h(m).
-2
Suppose -101*s + 106*s = 0. Suppose s = -3*x - 0*x + 5*f - 10, 2*x + 9 = f. Let c(i) = -3*i + 1. What is c(x)?
16
Let w(x) = -23*x**2 + 51*x + 50. Let h(m) = -4*m**2 + 10*m + 10. Let o(y) = -11*h(y) + 2*w(y). Calculate o(-5).
-20
Let x(w) = -5*w - 6. Let a(p) = -10*p + 113. Let r be a(11). Let t be -3 + -6 + r/(12/16). What is x(t)?
19
Suppose 0 = -4*b - 3*z - 56, 9*z - 10*z - 70 = 5*b. Let o(t) = 16*t + 227. Determine o(b).
3
Suppose 2*o = 2*l - 2*o, 3*l = -4*o + 30. Let u = 42 - 38. Let d(v) = 0*v + v**2 - u - 6*v + 0*v. What is d(l)?
-4
Let t = 666 + -655. Let s(d) = -5 - t - d + 10. Calculate s(0).
-6
Let c(g) = 5*g + 79. Let y be c(-16). Let l(s) = 3*s**2. Let b be l(1). Let t(a) = -a**3 - 1 - 11*a**b + 8*a**3 + 2*a - 3*a. What is t(y)?
4
Suppose 0 = -4*f - 2*k - 0*k + 10, -f = -2*k + 5. Let l(m) = 40*m**3 + m**2 - 4*m + 5. Give l(f).
42
Let p be 8 + (-32)/(-6)*-3. Let x(n) = 5*n + 40. Calculate x(p).
0
Let x(z) = 315*z + 300*z - 617*z - 5. Calculate x(16).
-37
Let a be 4/7*147*2/12. Let k(j) = -8*j + 107. Let l be k(a). Let c(w) = w + 6. Calculate c(l).
1
Let w(n) = -101*n + 457. Let z be w(5). Suppose -3*s - s + 188 = 0. Let l = z + s. Let m(h) = 4*h**3 + 2*h**2 + 2*h + 1. Calculate m(l).
-3
Let t(o) = -o**2 - 14*o - 30. Let l be (-4 - -12) + 3 - 21. Determine t(l).
10
Let r(n) be the third derivative of n**6/120 + n**5/20 - n**4/4 - 4*n**3 - 4*n**2 - 1563. Determine r(-3).
-6
Let r(u) = -24*u - 48. Let w be r(-2). Suppose w*c = -16*c. Let y(v) = v + 6. What is y(c)?
6
Let y(l) = -l**2 + 10*l + 16. Let t(h) = 2*h**2 - 19*h + 56. Let f be t(11). Let g = -78 + f. Determine y(g).
5
Suppose -101*j = 24*j - 254 + 4254. Let n(z) = -z**3 - 34*z**2 - 61*z + 97. Determine n(j).
1
Let l be -3 + -2*6/((-96)/40). Let r = -6 - -11. Suppose -2*a - 3 = 1, 0 = -l*t + r*a. Let w(h) = -h**2 - 7*h - 6. Give w(t).
4
Let m be ((-81)/45)/(1/(-5)). Suppose m*z = 11*z - 4. Let a(w) = 3 + 1 + 1 + 2*w - w**3 - 8*w**z + 5. Calculate a(-8).
-6
Let x(y) = -5*y + 134. Suppose -12*r + 3*a = -10*r - 54, -152 = -5*r - a. Give x(r).
-16
Let l(d) = 12 - 2*d - 2 - d. Suppose -141649*y - 471 = -141767*y + 1. Calculate l(y).
-2
Let q(u) be the third derivative of -u**8/6720 + u**6/240 - u**5/60 + 15*u**4/8 + 3*u**2 - 7. Let z(n) be the second derivative of q(n). Give z(-3).
16
Let b(x) be the first derivative of -138 + 1/4*x**4 + 9*x**2 + 19/3*x**3 + 3*x. Give b(-18).
3
Let i(c) be the first derivative of -c**4/4 + 7*c**3/3 + 9*c**2/2 - 18*c - 7772. What is i(7)?
45
Let d(x) = 17*x**3 + x**2 + 5*x + 5. Suppose -2*k + 15*s - 8 = 18*s, -2*s = 4. Give d(k).
-16
Suppose 0 = 11*z + 77 + 33. Let b be (30/(-25)*1)/(4/z). Let n(w) = w**3 - 2*w**2 + w + 1. Calculate n(b).
13
Let f(n) = 66923 - 66917 - 3*n**2 - 3*n + 2*n**2. Suppose -4*o = -5*z + 1 - 20, 0 = z + 3*o. Give f(z).
6
Let r(f) be the first derivative of f**7/840 - f**6/360 + f**5/60 - f**4/12 - 82*f**3/3 + 172. Let u(p) be the third derivative of r(p). Determine u(2).
6
Let p(z) = -z**3 - 18*z**2 - 13*z + 70. Let o be p(-17). Let i(x) = 0 - 4 + x**3 + 5*x**2 - o*x**3 + 0 + x. Give i(5).
1
Let s(t) = 74*t**2 + 32*t - 58 - 62*t**2 - 13*t**2. Calculate s(30).
2
Let c(b) be the first derivative of -b**5/30 - b**4/4 - b**3 - 7. Let u(n) be the third derivative of c(n). Let k(s) = 4*s. Let w be k(-1). Determine u(w).
10
Let t = 2667 + -2677. Let p(s) = s**3 + 10*s**2 + 2*s + 5. Give p(t).
-15
Let j(o) = 8*o**3 - 3*o**2 - 3*o - 1. Let p(x) be the second derivative of x**5/20 + 7*x**4/6 - x**3/3 - 29*x**2/2 + x - 15. Let h be p(-14). Calculate j(h).
-9
Let f = 32 - 625. Let n = f - -573. Let r(h) = -2*h - 35. Determine r(n).
5
Let z be ((-15)/2)/(-3)*-68*50/(-2125). Let t(j) = -28*j + 76. What is t(z)?
-36
Let i(s) be the second derivative of s**5/10 + 17*s**4/12 + 4*s**3/3 - 3*s**2/2 - 4*s - 10. Let g be i(-8). Let h(d) = -d**3 - 2*d**2 - 2*d - 1. Determine h(g).
14
Let g(q) be the first derivative of 0*q**2 + q + 24 - 5*q**2 + 8*q**2 + 0*q. Calculate g(-1).
-5
Let o(a) = -5*a - 3. Suppose 0 = 5*b - 2*k - 5565, -5*b + 3346 + 2219 = 2*k. Suppose 2*f = b - 1107. What is o(f)?
-18
Let t(f) = 16*f - 75. Suppose -3*x + 3*s - 298 = -277, 5*x = -5*s + 35. What is t(x)?
-75
Suppose 3*d + 43 = -2*j - 29, -3*d + 4*j - 90 = 0. Let v(t) = 3*t + 74. Calculate v(d).
-4
Let j(p) = -13*p**2 + p. Let k = -3480 - -3478. What is j(k)?
-54
Let q(c) = -74*c - 1632. Let l be q(-22). Let d(a) = 52*a + 208. Give d(l).
0
Let c = 115953 - 115948. Let i(r) be the third derivative of r**5/120 - r**4/12 + r**3/3 + 2*r**2. Let u(f) be the first derivative of i(f). Determine u(c).
3
Let p(z) = 4*z + 4. Suppose -18 = -d - 4*y, d - 22 = -7*y + 2*y. Suppose -5*v - 13 = d. What is p(v)?
-8
Let x(z) = -109*z**2 - 5*z + 32*z**2 + 40*z**2 - 7 + 36*z**2 + 4. Calculate x(-5).
-3
Let j(a) be the second derivative 